est common factor of 1091298 and 552.
6
Calculate the greatest common divisor of 19029001 and 102884.
1513
Calculate the greatest common divisor of 21 and 126994287.
21
What is the highest common factor of 27869773 and 137?
137
What is the greatest common divisor of 32 and 12984504?
8
Calculate the greatest common factor of 11 and 3453131.
11
Calculate the highest common factor of 12380 and 353768.
4
Calculate the greatest common factor of 72 and 434454912.
72
Calculate the greatest common divisor of 90367 and 1587.
23
Calculate the greatest common divisor of 638 and 59150894.
638
What is the greatest common divisor of 48 and 9969552?
48
Calculate the greatest common divisor of 34084626 and 13590.
906
What is the greatest common factor of 1676 and 1233262812?
1676
Calculate the greatest common divisor of 126 and 874275612.
42
Calculate the greatest common factor of 3250 and 8403850.
650
What is the greatest common divisor of 75028 and 57064?
4
What is the highest common divisor of 1273233 and 2808?
39
What is the highest common factor of 7508 and 10963557?
1877
What is the highest common divisor of 64991 and 83521?
17
Calculate the greatest common divisor of 558654 and 4182.
102
Calculate the greatest common divisor of 28728986 and 18590.
3718
Calculate the highest common divisor of 2304418 and 136.
34
What is the highest common divisor of 168264 and 430464?
456
Calculate the highest common factor of 99183 and 26642443.
4723
What is the greatest common factor of 711 and 1893077?
79
Calculate the greatest common factor of 1267461 and 65.
13
Calculate the greatest common factor of 13581364 and 4266.
158
What is the highest common factor of 50 and 7691275?
25
Calculate the highest common divisor of 2996 and 11515126.
1498
What is the highest common divisor of 19568856 and 1776?
888
Calculate the highest common divisor of 13447 and 54208.
7
What is the greatest common divisor of 5391 and 74927712?
1797
What is the highest common divisor of 5033 and 53501?
7
What is the greatest common factor of 1510375 and 2224175?
1075
What is the highest common factor of 33271 and 629748?
343
What is the highest common divisor of 66456058 and 1358?
194
Calculate the highest common factor of 6244352 and 88.
8
What is the greatest common factor of 298473 and 244650?
4893
What is the highest common factor of 506444963 and 5009?
5009
Calculate the greatest common factor of 64518 and 9228.
6
Calculate the greatest common divisor of 1494794 and 276458.
686
What is the highest common divisor of 182716 and 8959?
17
What is the greatest common factor of 49385300 and 50?
50
What is the greatest common factor of 1449 and 5036103?
207
What is the greatest common divisor of 5881488 and 58368?
912
What is the greatest common factor of 69632 and 3104?
32
Calculate the highest common divisor of 21889122 and 188.
94
What is the highest common divisor of 3346536 and 216?
24
Calculate the highest common factor of 14094 and 5023902.
174
What is the highest common divisor of 4216 and 3062397?
527
Calculate the highest common factor of 50191152 and 276.
276
What is the highest common divisor of 719460725 and 25?
25
Calculate the greatest common divisor of 405774 and 90.
18
Calculate the highest common factor of 86 and 651622.
86
Calculate the highest common divisor of 14933 and 339212.
137
Calculate the highest common divisor of 147947 and 45811.
751
What is the highest common factor of 196265553 and 33?
33
Calculate the greatest common factor of 62216320 and 128.
128
What is the highest common divisor of 40269569 and 57?
19
Calculate the greatest common divisor of 21 and 12570303.
3
Calculate the highest common divisor of 384 and 2119760.
16
What is the highest common divisor of 1943620 and 1820?
140
Calculate the highest common factor of 31246488 and 1638.
1638
Calculate the greatest common factor of 31225611 and 129.
129
Calculate the greatest common factor of 165150370 and 140.
70
What is the greatest common divisor of 54549 and 50228?
29
Calculate the greatest common factor of 30 and 116848074.
6
What is the greatest common divisor of 2578144 and 1096?
8
Calculate the greatest common factor of 56 and 27080824.
8
What is the highest common factor of 3113 and 15287?
1
What is the highest common factor of 62 and 92869831?
31
Calculate the greatest common divisor of 12683 and 68167.
11
What is the greatest common divisor of 1396000 and 32?
32
What is the highest common factor of 32 and 3540448?
32
Calculate the greatest common factor of 1687808 and 31924.
1388
Calculate the highest common divisor of 4410 and 1464691830.
1470
What is the greatest common divisor of 6034 and 451889277?
3017
What is the greatest common divisor of 336123 and 855441?
1593
What is the greatest common divisor of 4015726 and 2165449?
2717
What is the greatest common factor of 1788845 and 2556?
71
Calculate the greatest common divisor of 710058915 and 21825.
4365
What is the greatest common divisor of 498542 and 60673?
731
What is the greatest common divisor of 934260 and 368?
92
Calculate the highest common factor of 34 and 28889511.
17
Calculate the highest common factor of 2375442 and 1098.
18
What is the greatest common factor of 17939500 and 6750?
250
What is the highest common factor of 649 and 42567789?
11
Calculate the greatest common divisor of 27945245 and 8825.
1765
What is the highest common divisor of 2512890 and 5740?
410
Calculate the highest common divisor of 47904 and 8736864.
96
Calculate the greatest common factor of 144 and 31956336.
144
Calculate the greatest common divisor of 26221294 and 710.
142
What is the greatest common divisor of 189016639 and 951?
317
What is the greatest common factor of 12589350 and 4335?
255
Calculate the greatest common divisor of 8335 and 16975.
5
Calculate the highest common divisor of 5 and 205590.
5
What is the greatest common divisor of 5079590 and 1075?
215
Calculate the greatest common factor of 121 and 75845616.
11
What is the greatest common factor of 57068 and 6028?
44
What is the highest common factor of 17931 and 15714228?
417
What is the greatest common factor of 4915 and 29353363?
983
What is the greatest common factor of 322365807 and 2157?
2157
What is the highest common factor of 44450712 and 17184?
4296
Calculate the highest common divisor of 504 and 3746120.
56
What is the highest common divisor of 245 and 1915185?
5
What is the highest common factor of 117386735 and 4610?
2305
Calculate the highest common factor of 1067904 and 405.
81
What is the highest common factor of 1180626151 and 4591?
4591
Calculate the highest common divisor of 83623650 and 3540.
1770
Calculate the greatest common factor of 2702 and 430465077.
1351
Calculate the greatest common divisor of 11320 and 82168.
8
Calculate the greatest common divisor of 7812 and 1467756.
36
Calculate the highest common divisor of 236654194 and 14.
14
What is the greatest common factor of 77976 and 3942?
54
Calculate the greatest common factor of 173038043 and 103.
103
Calculate the highest common factor of 3866576 and 368.
368
Calculate the greatest common factor of 1323015 and 1158.
579
What is the highest common divisor of 22512 and 112266?
42
Calculate the greatest common divisor of 247159896 and 2628.
876
Calculate the greatest common factor of 1619514 and 104.
26
What is the greatest common factor of 16614234 and 11937?
69
What is the greatest common divisor of 1273 and 88988395?
67
What is the greatest common divisor of 391 and 53780588?
17
What is the highest common factor of 1764 and 5592876?
12
What is the greatest common divisor of 45 and 160083?
9
Calculate the greatest common factor of 3100 and 2888380.
20
Calculate the greatest common divisor of 277260 and 121920.
60
What is the highest common factor of 255414936 and 5712?
2856
Calculate the highest common factor of 430495 and 702754.
2327
What is the highest common factor of 150356 and 488?
4
What is the highest common divisor of 3101328 and 90?
18
What is the highest common divisor of 48033160 and 272?
136
Calculate the highest common factor of 4309963 and 119.
7
What is the greatest common factor of 1976 and 6473623?
247
What is the greatest common factor of 114 and 275629713?
57
Calculate the greatest common factor o